List the prime factors of 12604/18 + u/63.
2, 5, 7
Let b(m) = -26*m - 11. Let r be -6*(-1)/(2/(-3)). What are the prime factors of b(r)?
223
Let m be 10/30 + (-1)/3. Suppose 7*q + f = 3*q - 1085, 3*q - 5*f + 785 = m. Let i = q - -392. What are the prime factors of i?
2, 61
Suppose 14*z + 30 = 100. Suppose 15 = z*h - 5. Suppose -5*q = 2*i - 107, -i - h*i = q - 256. List the prime factors of i.
3, 17
Suppose -11009*y + 11014*y - 127520 = 0. What are the prime factors of y?
2, 797
Suppose -16 = 3*z + z, -5*y + 2*z = -28. Let u be 1 + 1 + (2 - -1) + y. Let q(h) = 13*h - 24. What are the prime factors of q(u)?
3, 31
Let r be 0 - 1 - (-7 + -809). Let h = r - 470. Suppose 4*i + i = h. List the prime factors of i.
3, 23
Let m = 45809 + 25765. List the prime factors of m.
2, 3, 79, 151
Suppose -235*x - 556821 + 712948 = -5312558. List the prime factors of x.
3, 7757
Let l = 35944 - 8613. What are the prime factors of l?
151, 181
Suppose 3*g + g + 187 = 3*h, -3*h - 4*g = -227. Suppose 5*m - 200 = 515. Let b = m - h. What are the prime factors of b?
2, 37
Suppose 0 = h - 3*d - d - 17, 3*h - 85 = -5*d. Let t(p) = p**2 + 16*p - 37. List the prime factors of t(h).
2, 13, 19
Suppose 0 = 12*q - 27*q + 15120. Suppose 3*g - 480 = q. List the prime factors of g.
2, 31
Suppose 5*c + 11*k = 16*k + 12385, k - 7439 = -3*c. Let h = -460 + c. List the prime factors of h.
3, 673
Let i = -70859 - -140286. List the prime factors of i.
69427
Let u be -4 - 6*(-16)/12. Let l be (2 + -5 + 1)/(2/u). List the prime factors of -38*l/(-16)*-14.
7, 19
Suppose 72*o - 1561 + 15085 = 86*o. List the prime factors of o.
2, 3, 7, 23
Let n be (-7 - (-6 + 4))*-5. Suppose -n = m - 26. List the prime factors of (-474)/(-8) - m/4.
59
Let w = -426 + 1963. List the prime factors of (20/(-1))/((-58)/w).
2, 5, 53
What are the prime factors of 31*(-20 + -9)*189/(-3)?
3, 7, 29, 31
Suppose 6*s - 2*s - 5*o - 92 = 0, s - 34 = 4*o. Suppose -s*l - 45 = -21*l. What are the prime factors of l?
3, 5
Suppose -8*x = 28 - 4. Let q be 1/x + 0 - 1/(-3). List the prime factors of (q*3/(-9) - 1)*-62.
2, 31
Let z = 500 + -418. Suppose -2662 = -2*n - y, z*n - 79*n - y = 3983. What are the prime factors of n?
3, 443
Suppose -4*t + 4*x = -16, x = 2*t + 2*t - 10. Suppose -t*m + 2*z + 47 = -3, 0 = -4*z - 12. Let h = -20 + m. List the prime factors of h.
2
Let o be 24/(-16) + (-1)/2*-19. What are the prime factors of 2/o - -1726*2/16?
2, 3
Let l(i) = -780*i**2 - 31*i - 81. Let j be l(-3). List the prime factors of (j/36)/(2/(-3)).
2, 73
Let j(g) = 15*g**2 + 6*g - 2. Let h be -29 - -39 - (-6)/(-1). What are the prime factors of j(h)?
2, 131
Suppose 180*o - 167*o = -13. Let j(q) be the third derivative of 23*q**5/30 + q**4/24 + q**3/6 - q**2. List the prime factors of j(o).
2, 23
Suppose 13699 = -13*d + 32*d. Let w = 1707 - d. What are the prime factors of w?
2, 17, 29
Let t(a) = -8*a - 31. Let o be t(-8). Let k = o - -158. List the prime factors of k.
191
Let d be (1671 + 1 - 5)/(-1 - -2). Let p = d - -1. What are the prime factors of p?
2, 3, 139
Suppose -21*l = -29*l - 9240. Let o = l + 1984. What are the prime factors of o?
829
What are the prime factors of (-75766110)/(-1463) - (3 + (-31)/11)?
2, 11, 107
Let l(s) = 13095*s**2 - 12*s - 23. List the prime factors of l(-1).
2, 3271
Let a(y) = 38*y - 86. Let o be a(-5). Let b = o - -456. List the prime factors of b.
2, 3, 5
Let l = -41 + 38. Let i be 2 - (2 + 1 + l + -1). Suppose -p = 3*z + i, -2*p = -4*z - 4 - 30. List the prime factors of p.
3
Let s(z) = z**3 + 5*z**2 - 6*z + 4. Let k be s(-6). Suppose q - 26*n = -31*n + 9, 5*q - 3 = -4*n. List the prime factors of 60 - ((k/4 - q) + -3).
61
Suppose 0 = -4*g + 23622 + 7746. Suppose g = 5*o + 2*r, 7*o + 4707 = 10*o + 3*r. List the prime factors of o.
2, 7
Let m be (-215)/(-30) + (-2)/12. Let u(w) = 7*w - 21. Let j be u(m). Suppose -3*t + 131 + j = 0. List the prime factors of t.
53
Let d = -63 - -558. Suppose -3*s = 2*s - d. List the prime factors of 452/18 + (-11)/s.
5
Let v(k) = 2*k**2 + 28*k + 4. Let y be v(-14). List the prime factors of (-272 - 1)/(3 + (-14)/y).
2, 3, 7, 13
Suppose 492*h - 1532 = 490*h. What are the prime factors of (0 + h/(-1))*16/(-32)?
383
Let y(n) = n**2 + 15*n - 114. What are the prime factors of y(91)?
2, 2383
Suppose 2*g = 4*y - 23 + 3, -y + 3*g = 0. Let f(p) = -p**3 + 5*p**2 + 8*p - 6. Let b be f(y). Suppose -104 = -b*w + 2*w. List the prime factors of w.
2, 13
Let t(p) = 397*p - 143. Let s be t(5). Suppose -2040 - s = -6*r. What are the prime factors of r?
647
Suppose 115*d - 117*d - 4*j + 43788 = 0, -d - 3*j + 21893 = 0. List the prime factors of d.
2, 7, 17, 23
What are the prime factors of 19 - 295/15 - (-503)/3?
167
Suppose -5*h = 2*k + 286, 9*h = -5*k + 14*h - 785. Let q = 147 - k. List the prime factors of q.
2, 3, 5
Suppose 6 + 3 = 3*h. Suppose -m = -y - 50, -y + 3*y = h*m - 149. Let l = m + -11. List the prime factors of l.
2, 19
Suppose 3*y - 112452 + 42061 = 5*l, -3*y = -6*l - 70386. What are the prime factors of y?
2, 3, 163
Suppose -6478 + 108043 = 16*o - 40019. List the prime factors of o.
8849
Suppose 0 = -85*n + 92*n + 28. List the prime factors of (816/36 - -2)/(n/(-78)).
13, 37
Let r(v) = -v**3 + 22*v**2 - 30*v + 45. Let u(g) = g**2 - g - 4. Let j be u(4). Let s(x) = -x**2 + 12*x - 12. Let i be s(j). What are the prime factors of r(i)?
5, 7
Let p(r) = -17*r - 3 - 2*r**3 + 5*r**3 - 5*r**2 - 2*r**3 - 11*r**2. Let m be p(17). List the prime factors of 1*m + 16 + 22.
5, 7
Let l = -22 - -26. Suppose 4*w - v + 28 = l*v, -35 = 5*w - 2*v. Let j(b) = -b**3 - 3*b**2 + 11*b + 5. List the prime factors of j(w).
2, 31
Let p be 16/8*(-2 - (-9)/2). Let f(g) = 28*g - 48. What are the prime factors of f(p)?
2, 23
What are the prime factors of -54*(28650/(-375))/((-2)/5*-1)?
2, 3, 191
Suppose 13751154 = 36*k + 181*k + 29*k. List the prime factors of k.
3, 6211
Let l = 15742 - 4078. List the prime factors of l.
2, 3
Let x(n) = -1120*n - 1592. What are the prime factors of x(-10)?
2, 1201
Let u be -10*(3/2 + -2). Suppose -5*f + 535 = -u*l - 570, -3*l = -4*f + 660. Let t = -119 - l. List the prime factors of t.
3, 5, 7
Let g be 252/105*6/9*170. Suppose 0 = 11*k - 80 - g. List the prime factors of k.
2
What are the prime factors of 1185/(((-114)/323)/(-3 - 1))?
2, 5, 17, 79
Suppose 3*f + 5*u - 54 = 0, -5*u - 14 = -f - 8*u. Let a = 261 - f. List the prime factors of a.
2, 7, 17
Let j(c) = -4*c. Let g be j(-6). Let z = -11237 + 11226. Let u = g - z. What are the prime factors of u?
5, 7
Let x(z) = -20*z**3 + 13*z**2 + 2*z - 13. What are the prime factors of x(-5)?
2, 3, 467
Let b(s) be the second derivative of s**5/20 + 4*s**4/3 + 5*s**3/3 - 9*s**2/2 - 6*s. Let q = 38 + -53. What are the prime factors of b(q)?
2, 3, 11
Let g(x) = -784*x - 7637. What are the prime factors of g(-53)?
3, 5, 7, 17, 19
Let q(i) = -7*i - 7. Let p be q(9). Let m = 61 + p. Let s(y) = -y**3 - 8*y**2 - 5*y + 21. List the prime factors of s(m).
3, 7
Let t(k) = 2*k + 14. Suppose -d - 11 = -0*d. Let f be t(d). Let r = f + 59. What are the prime factors of r?
3, 17
Let z(s) = s**3 - 17*s**2 - 19*s + 15. Let j be z(18). Let c(p) = -9*p + 41. What are the prime factors of c(j)?
2, 17
Let w(p) = -p**3 + 14*p**2 + 13*p + 26. Let m be w(15). Let b be ((-5)/(-2))/(30/(-8) - m). List the prime factors of ((-415)/b)/((-1)/2).
83
What are the prime factors of (-1536)/(-960)*(-3 - -1123)?
2, 7
Let t be (0 - 6)*-2*3/(-6). What are the prime factors of (3/t)/((-3)/1230)?
5, 41
Suppose -26*n = -172 + 16. List the prime factors of 15160/45*27/n.
2, 379
Suppose 9*i - 8970 = 2415. Let r = i - 895. List the prime factors of r.
2, 5, 37
Suppose 19 - 31 = a - 2*o, -2*o + 30 = -4*a. Let t(g) = -39*g - 27. List the prime factors of t(a).
3, 23
Suppose -3*g = 2*g - 3*u - 1160, 0 = -3*g + 4*u + 696. Let a = 445 - g. What are the prime factors of a?
3, 71
Let s = -7786 - -4602. Let g = -1606 - s. List the prime factors of g.
2, 3, 263
Suppose 3*u + 312 = -3*y, -492 = 5*u - 5*y + 3*y. Let f = u - -120. Let r(g) = 5*g - 5. What are the prime factors of r(f)?
5, 19
Let y(l) be the second derivative of -l**3/3 - 8*l**2 - 13*l. Let i be y(-10). List the prime factors of (1 + i/(-6))/((-8)/(-2808)).
3, 13
Let b = 8274 - -16647. List the prime factors